{"id":2,"date":"2021-12-18T17:07:19","date_gmt":"2021-12-18T17:07:19","guid":{"rendered":"http:\/\/przedszkolejezykowelublin.pl\/?page_id=2"},"modified":"2021-12-18T16:38:43","modified_gmt":"2021-12-18T16:38:43","slug":"sample-page","status":"publish","type":"page","link":"https:\/\/przedszkolejezykowelublin.pl\/","title":{"rendered":""},"content":{"rendered":"\n<h1 class=\"has-text-align-center has-large-font-size\" style=\"margin-top:40px;\">INFORMACJA<\/h1>\n\n\n<hr class=\"wp-block-separator\" style=\"margin-bottom: 50px;\">\n\n\n<p><\/p>\n\n\n\n<p><\/p>\n\n\n\n<p><\/p>\n\n\n<p class=\"has-text-align-center\" style=\"margin-top: 40px;\"><a href=\"http:\/\/przedszkole-lublin-gadu-gadu.pl\/\" target=\"_blank\" rel=\"noreferrer noopener\">Zapraszamy na now\u0105 stron\u0119 internetow\u0105 naszej plac\u00f3wki \ud83d\ude09<\/a><\/p>\n\n\n<p class=\"has-text-align-center\"><a href=\"http:\/\/przedszkole-lublin-gadu-gadu.pl\/\" target=\"_blank\" rel=\"noreferrer noopener\">Kliknij tutaj by przej\u015b\u0107 na www Przedszkola Gadu Gadu<\/a><\/p>\n\n\n\n<p><\/p>\n","protected":false},"excerpt":{"rendered":"<p>INFORMACJA Zapraszamy na now\u0105 stron\u0119 internetow\u0105 naszej plac\u00f3wki \ud83d\ude09 Kliknij tutaj by przej\u015b\u0107 na www Przedszkola Gadu Gadu<\/p>\n","protected":false},"author":1,"featured_media":0,"parent":0,"menu_order":0,"comment_status":"closed","ping_status":"open","template":"","meta":{"footnotes":""},"_links":{"self":[{"href":"https:\/\/przedszkolejezykowelublin.pl\/index.php?rest_route=\/wp\/v2\/pages\/2"}],"collection":[{"href":"https:\/\/przedszkolejezykowelublin.pl\/index.php?rest_route=\/wp\/v2\/pages"}],"about":[{"href":"https:\/\/przedszkolejezykowelublin.pl\/index.php?rest_route=\/wp\/v2\/types\/page"}],"author":[{"embeddable":true,"href":"https:\/\/przedszkolejezykowelublin.pl\/index.php?rest_route=\/wp\/v2\/users\/1"}],"replies":[{"embeddable":true,"href":"https:\/\/przedszkolejezykowelublin.pl\/index.php?rest_route=%2Fwp%2Fv2%2Fcomments&post=2"}],"version-history":[{"count":18,"href":"https:\/\/przedszkolejezykowelublin.pl\/index.php?rest_route=\/wp\/v2\/pages\/2\/revisions"}],"predecessor-version":[{"id":37,"href":"https:\/\/przedszkolejezykowelublin.pl\/index.php?rest_route=\/wp\/v2\/pages\/2\/revisions\/37"}],"wp:attachment":[{"href":"https:\/\/przedszkolejezykowelublin.pl\/index.php?rest_route=%2Fwp%2Fv2%2Fmedia&parent=2"}],"curies":[{"name":"wp","href":"https:\/\/api.w.org\/{rel}","templated":true}]}}